{"id":190,"date":"2021-11-23T15:33:38","date_gmt":"2021-11-23T14:33:38","guid":{"rendered":"https:\/\/www.nemeckepravo.cz\/?page_id=190"},"modified":"2026-01-16T12:00:48","modified_gmt":"2026-01-16T11:00:48","slug":"znalecke-sluzby","status":"publish","type":"page","link":"https:\/\/www.nemeckepravo.cz\/?page_id=190","title":{"rendered":"Znaleck\u00e9 slu\u017eby"},"content":{"rendered":"\n<div class=\"wp-block-cover alignfull is-light\"><img loading=\"lazy\" decoding=\"async\" width=\"1200\" height=\"400\" class=\"wp-block-cover__image-background wp-image-265\" alt=\"\" src=\"https:\/\/www.nemeckepravo.cz\/wp-content\/uploads\/o-znalecke-sluzby.jpg\" data-object-fit=\"cover\" srcset=\"https:\/\/www.nemeckepravo.cz\/wp-content\/uploads\/o-znalecke-sluzby.jpg 1200w, https:\/\/www.nemeckepravo.cz\/wp-content\/uploads\/o-znalecke-sluzby-300x100.jpg 300w, https:\/\/www.nemeckepravo.cz\/wp-content\/uploads\/o-znalecke-sluzby-1024x341.jpg 1024w, https:\/\/www.nemeckepravo.cz\/wp-content\/uploads\/o-znalecke-sluzby-768x256.jpg 768w\" sizes=\"auto, (max-width: 1200px) 100vw, 1200px\" \/><span aria-hidden=\"true\" class=\"wp-block-cover__background has-white-background-color has-background-dim-40 has-background-dim\"><\/span><div class=\"wp-block-cover__inner-container is-layout-flow wp-block-cover-is-layout-flow\">\n<h1 class=\"wp-block-heading has-primary-color has-text-color\">Znaleck\u00e9 slu\u017eby<\/h1>\n<\/div><\/div>\n\n\n\n<p>V oblasti soudn\u00edho znalectv\u00ed poskytuje Dr. Mach slu\u017eby <a href=\"https:\/\/seznat.justice.cz\/znalec\/detail\/3026?query=%7B%22filter%22%3A%7B%22druhyOsoby%22%3A%5B%5D%2C%22nazev%22%3A%22Tom%C3%A1%C5%A1%20Mach%22%2C%22vcetnePozastavenych%22%3Afalse%2C%22vcetneZaniklych%22%3Afalse%7D%2C%22strankovani%22%3A%7B%22pocetNaStranku%22%3A50%7D%2C%22razeni%22%3A%7B%22hodnota%22%3A%22jmeno%22%2C%22smer%22%3A0%7D%7D\">soudn\u00edho znalce<\/a> v oblasti n\u011bmeck\u00e9ho pr\u00e1va jako ciz\u00edho rozhodn\u00e9ho pr\u00e1va pro \u00fa\u010dely zejm\u00e9na soudn\u00edch \u0159\u00edzen\u00ed p\u0159ed \u010desk\u00fdmi soudy, a to v odv\u011btv\u00ed a oboru pr\u00e1vn\u00ed vztahy k cizin\u011b, specializace n\u011bmeck\u00e9 pr\u00e1vo. Jmenov\u00e1n byl k v\u00fdkonu t\u00e9to \u010dinnosti Ministerstvem Spravedlnosti \u010cR.<\/p>\n\n\n\n<p>Znaleck\u00e9 posudky jsou poskytov\u00e1ny jak k zad\u00e1n\u00ed soud\u016f v tak stran sporu v r\u00e1mci b\u011b\u017e\u00edc\u00edch \u0159\u00edzen\u00ed, v\u010detn\u011b re\u017eimu ust. \u00a7 127a o.s.\u0159. k soukrom\u00fdm objedn\u00e1vk\u00e1m. <\/p>\n","protected":false},"excerpt":{"rendered":"<p>V oblasti soudn\u00edho znalectv\u00ed poskytuje Dr. Mach slu\u017eby soudn\u00edho znalce v oblasti n\u011bmeck\u00e9ho pr\u00e1va jako ciz\u00edho rozhodn\u00e9ho pr\u00e1va pro \u00fa\u010dely zejm\u00e9na soudn\u00edch \u0159\u00edzen\u00ed p\u0159ed \u010desk\u00fdmi [&#8230;]<\/p>\n","protected":false},"author":2,"featured_media":0,"parent":0,"menu_order":0,"comment_status":"closed","ping_status":"closed","template":"templates\/template-fullwidth-no-title.php","meta":{"footnotes":""},"class_list":["post-190","page","type-page","status-publish","hentry"],"_links":{"self":[{"href":"https:\/\/www.nemeckepravo.cz\/index.php?rest_route=\/wp\/v2\/pages\/190","targetHints":{"allow":["GET"]}}],"collection":[{"href":"https:\/\/www.nemeckepravo.cz\/index.php?rest_route=\/wp\/v2\/pages"}],"about":[{"href":"https:\/\/www.nemeckepravo.cz\/index.php?rest_route=\/wp\/v2\/types\/page"}],"author":[{"embeddable":true,"href":"https:\/\/www.nemeckepravo.cz\/index.php?rest_route=\/wp\/v2\/users\/2"}],"replies":[{"embeddable":true,"href":"https:\/\/www.nemeckepravo.cz\/index.php?rest_route=%2Fwp%2Fv2%2Fcomments&post=190"}],"version-history":[{"count":16,"href":"https:\/\/www.nemeckepravo.cz\/index.php?rest_route=\/wp\/v2\/pages\/190\/revisions"}],"predecessor-version":[{"id":323,"href":"https:\/\/www.nemeckepravo.cz\/index.php?rest_route=\/wp\/v2\/pages\/190\/revisions\/323"}],"wp:attachment":[{"href":"https:\/\/www.nemeckepravo.cz\/index.php?rest_route=%2Fwp%2Fv2%2Fmedia&parent=190"}],"curies":[{"name":"wp","href":"https:\/\/api.w.org\/{rel}","templated":true}]}}

Znalecké služby

<div class="wp-block-cover alignfull is-light"><img loading="lazy" decoding="async" width="1200" height="400" class="wp-block-cover__image-background wp-image-265" alt="" src="https://www.nemeckepravo.cz/wp-content/uploads/o-znalecke-sluzby.jpg" data-object-fit="cover" srcset="https://www.nemeckepravo.cz/wp-content/uploads/o-znalecke-sluzby.jpg 1200w, https://www.nemeckepravo.cz/wp-content/uploads/o-znalecke-sluzby-300x100.jpg 300w, https://www.nemeckepravo.cz/wp-content/uploads/o-znalecke-sluzby-1024x341.jpg 1024w, https://www.nemeckepravo.cz/wp-content/uploads/o-znalecke-sluzby-768x256.jpg 768w" sizes="auto, (max-width: 1200px) 100vw, 1200px" /><span aria-hidden="true" class="wp-block-cover__background has-white-background-color has-background-dim-40 has-background-dim"></span><div class="wp-block-cover__inner-container is-layout-flow wp-block-cover-is-layout-flow">
<h1 class="wp-block-heading has-primary-color has-text-color">Znalecké služby</h1>
</div></div>



<p>V oblasti soudního znalectví poskytuje Dr. Mach služby <a href="https://seznat.justice.cz/znalec/detail/3026?query=%7B%22filter%22%3A%7B%22druhyOsoby%22%3A%5B%5D%2C%22nazev%22%3A%22Tom%C3%A1%C5%A1%20Mach%22%2C%22vcetnePozastavenych%22%3Afalse%2C%22vcetneZaniklych%22%3Afalse%7D%2C%22strankovani%22%3A%7B%22pocetNaStranku%22%3A50%7D%2C%22razeni%22%3A%7B%22hodnota%22%3A%22jmeno%22%2C%22smer%22%3A0%7D%7D">soudního znalce</a> v oblasti německého práva jako cizího rozhodného práva pro účely zejména soudních řízení před českými soudy, a to v odvětví a oboru právní vztahy k cizině, specializace německé právo. Jmenován byl k výkonu této činnosti Ministerstvem Spravedlnosti ČR.</p>



<p>Znalecké posudky jsou poskytovány jak k zadání soudů v tak stran sporu v rámci běžících řízení, včetně režimu ust. § 127a o.s.ř. k soukromým objednávkám. </p>

<p>V oblasti soudního znalectví poskytuje Dr. Mach služby soudního znalce v oblasti německého práva jako cizího rozhodného práva pro účely zejména soudních řízení před českými [&#8230;]</p>
