{"id":24,"date":"2021-11-09T19:21:31","date_gmt":"2021-11-09T18:21:31","guid":{"rendered":"http:\/\/nemeckepravo.cz\/?page_id=24"},"modified":"2021-11-10T14:36:47","modified_gmt":"2021-11-10T13:36:47","slug":"kontakt","status":"publish","type":"page","link":"https:\/\/www.nemeckepravo.cz\/?page_id=24","title":{"rendered":"Kontakt"},"content":{"rendered":"\n<div class=\"wp-block-columns is-layout-flex wp-container-core-columns-is-layout-9d6595d7 wp-block-columns-is-layout-flex\">\n<div class=\"wp-block-column is-layout-flow wp-block-column-is-layout-flow\">\n<h4 class=\"wp-block-heading\">Kancel\u00e1\u0159 \u010cesko<\/h4>\n\n\n\n<p>Viktora Huga 377\/4<br>150 00 Praha 5 &#8211; Sm\u00edchov<br>\u010cesk\u00e1 republika<br>Tel. +420 245 008 552<br>Fax: +420 245 008 553<br>E-mail:&nbsp;<a rel=\"noreferrer noopener\" href=\"mailto:advokati@nemeckepravo.cz\" target=\"_blank\">advokati@nemeckepravo.cz<\/a><\/p>\n<\/div>\n\n\n\n<div class=\"wp-block-column is-layout-flow wp-block-column-is-layout-flow\">\n<h4 class=\"wp-block-heading\">Kancel\u00e1\u0159 N\u011bmecko<\/h4>\n\n\n\n<p>JUDr. Tom\u00e1\u0161 Mach, advok\u00e1t<br>Weilberstra\u00dfe 12 a<br>D- 53639 K\u00f6nigswinter,&nbsp;<br>Spolkov\u00e1 republika N\u011bmecko<br>Tel: + 49 (0)2244-8799630<br>E-mail:&nbsp;<a rel=\"noreferrer noopener\" href=\"mailto:advokati@nemeckepravo.cz\" target=\"_blank\">advokati@nemeckepravo.cz<\/a><\/p>\n<\/div>\n<\/div>\n\n\n\n<div class=\"wp-block-columns is-layout-flex wp-container-core-columns-is-layout-9d6595d7 wp-block-columns-is-layout-flex\">\n<div class=\"wp-block-column is-layout-flow wp-block-column-is-layout-flow\" style=\"flex-basis:66.66%\">\n<h2 class=\"wp-block-heading\">&nbsp;<\/h2>\n\n\n<div\n\t\t\t\n\t\t\tclass=\"so-widget-sow-google-map so-widget-sow-google-map-default-16727d8ae3dc\"\n\t\t\t\n\t\t>\n<div class=\"sow-google-map-canvas\"\n\tstyle=\"\"\n\tid=\"map-canvas-9016544c08fb109f1e9d6465d1e4ce88\"\n\tdata-options=\"{&quot;address&quot;:&quot;Weilberstra\\u00dfe 12a, D-53639 K\\u00f6nigswinter&quot;,&quot;zoom&quot;:6,&quot;mobileZoom&quot;:12,&quot;gestureHandling&quot;:&quot;greedy&quot;,&quot;disableUi&quot;:false,&quot;markerIcon&quot;:false,&quot;markersDraggable&quot;:false,&quot;markerAtCenter&quot;:true,&quot;markerInfoDisplay&quot;:&quot;click&quot;,&quot;markerInfoMultiple&quot;:true,&quot;markerPositions&quot;:[{&quot;place&quot;:&quot;Viktora Huga 377\\\/4, 150 00 Praha, &quot;,&quot;info&quot;:&quot;&quot;,&quot;infoSelectedEditor&quot;:&quot;tinymce&quot;,&quot;infoMaxWidth&quot;:&quot;&quot;,&quot;customMarkerIcon&quot;:&quot;&quot;,&quot;customMarkerIconSize&quot;:&quot;&quot;},{&quot;place&quot;:&quot;Weilberstra\\u00dfe 12a, D-53639 K\\u00f6nigswinter&quot;,&quot;info&quot;:&quot;&quot;,&quot;infoSelectedEditor&quot;:&quot;tinymce&quot;,&quot;infoMaxWidth&quot;:&quot;&quot;,&quot;customMarkerIcon&quot;:&quot;&quot;,&quot;customMarkerIconSize&quot;:&quot;&quot;}],&quot;mapName&quot;:false,&quot;mapStyles&quot;:false,&quot;directions&quot;:&quot;&quot;,&quot;apiKey&quot;:&quot;AIzaSyB7y3pEngH9nZccSrzztMe9IwHB4UZWl34&quot;,&quot;breakpoint&quot;:780,&quot;id&quot;:&quot;69f5b9&quot;}\"\n\tdata-fallback-image=\"{&quot;img&quot;:&quot;&quot;}\"><\/div>\n<\/div><\/div>\n\n\n\n<div class=\"wp-block-column is-layout-flow wp-block-column-is-layout-flow\" style=\"flex-basis:33.33%\">\n<h2 class=\"wp-block-heading\">Kontaktujte n\u00e1s!<\/h2>\n\n\n\n<div class=\"wp-block-contact-form-7-contact-form-selector\">\n<div class=\"wpcf7 no-js\" id=\"wpcf7-f114-o1\" lang=\"cs-CZ\" dir=\"ltr\" data-wpcf7-id=\"114\">\n<div class=\"screen-reader-response\"><p role=\"status\" aria-live=\"polite\" aria-atomic=\"true\"><\/p> <ul><\/ul><\/div>\n<form action=\"\/index.php?rest_route=%2Fwp%2Fv2%2Fpages%2F24#wpcf7-f114-o1\" method=\"post\" class=\"wpcf7-form init\" aria-label=\"Kontaktn\u00ed formul\u00e1\u0159\" novalidate=\"novalidate\" data-status=\"init\">\n<fieldset class=\"hidden-fields-container\"><input type=\"hidden\" name=\"_wpcf7\" value=\"114\" \/><input type=\"hidden\" name=\"_wpcf7_version\" value=\"6.1.4\" \/><input type=\"hidden\" name=\"_wpcf7_locale\" value=\"cs_CZ\" \/><input type=\"hidden\" name=\"_wpcf7_unit_tag\" value=\"wpcf7-f114-o1\" \/><input type=\"hidden\" name=\"_wpcf7_container_post\" value=\"0\" \/><input type=\"hidden\" name=\"_wpcf7_posted_data_hash\" value=\"\" \/>\n<\/fieldset>\n<p><label> Va\u0161e jm\u00e9no<br \/>\n<span class=\"wpcf7-form-control-wrap\" data-name=\"your-name\"><input size=\"40\" maxlength=\"400\" class=\"wpcf7-form-control wpcf7-text wpcf7-validates-as-required\" aria-required=\"true\" aria-invalid=\"false\" value=\"\" type=\"text\" name=\"your-name\" \/><\/span> <\/label>\n<\/p>\n<p><label> V\u00e1\u0161 e-mail<br \/>\n<span class=\"wpcf7-form-control-wrap\" data-name=\"your-email\"><input size=\"40\" maxlength=\"400\" class=\"wpcf7-form-control wpcf7-email wpcf7-validates-as-required wpcf7-text wpcf7-validates-as-email\" aria-required=\"true\" aria-invalid=\"false\" value=\"\" type=\"email\" name=\"your-email\" \/><\/span> <\/label>\n<\/p>\n<p><label> P\u0159edm\u011bt<br \/>\n<span class=\"wpcf7-form-control-wrap\" data-name=\"your-subject\"><input size=\"40\" maxlength=\"400\" class=\"wpcf7-form-control wpcf7-text wpcf7-validates-as-required\" aria-required=\"true\" aria-invalid=\"false\" value=\"\" type=\"text\" name=\"your-subject\" \/><\/span> <\/label>\n<\/p>\n<p><label> Va\u0161e zpr\u00e1va (voliteln\u00fd)<br \/>\n<span class=\"wpcf7-form-control-wrap\" data-name=\"your-message\"><textarea cols=\"40\" rows=\"10\" maxlength=\"2000\" class=\"wpcf7-form-control wpcf7-textarea\" aria-invalid=\"false\" name=\"your-message\"><\/textarea><\/span> <\/label>\n<\/p>\n<p><input class=\"wpcf7-form-control wpcf7-submit has-spinner\" type=\"submit\" value=\"Odeslat\" \/>\n<\/p><div class=\"wpcf7-response-output\" aria-hidden=\"true\"><\/div>\n<\/form>\n<\/div>\n<\/div>\n<\/div>\n<\/div>\n","protected":false},"excerpt":{"rendered":"<p>Kancel\u00e1\u0159 \u010cesko Viktora Huga 377\/4150 00 Praha 5 &#8211; Sm\u00edchov\u010cesk\u00e1 republikaTel. +420 245 008 552Fax: +420 245 008 553E-mail:&nbsp;advokati@nemeckepravo.cz Kancel\u00e1\u0159 N\u011bmecko JUDr. Tom\u00e1\u0161 Mach, advok\u00e1tWeilberstra\u00dfe [&#8230;]<\/p>\n","protected":false},"author":1,"featured_media":0,"parent":0,"menu_order":0,"comment_status":"closed","ping_status":"closed","template":"templates\/template-fullwidth.php","meta":{"footnotes":""},"class_list":["post-24","page","type-page","status-publish","hentry"],"_links":{"self":[{"href":"https:\/\/www.nemeckepravo.cz\/index.php?rest_route=\/wp\/v2\/pages\/24","targetHints":{"allow":["GET"]}}],"collection":[{"href":"https:\/\/www.nemeckepravo.cz\/index.php?rest_route=\/wp\/v2\/pages"}],"about":[{"href":"https:\/\/www.nemeckepravo.cz\/index.php?rest_route=\/wp\/v2\/types\/page"}],"author":[{"embeddable":true,"href":"https:\/\/www.nemeckepravo.cz\/index.php?rest_route=\/wp\/v2\/users\/1"}],"replies":[{"embeddable":true,"href":"https:\/\/www.nemeckepravo.cz\/index.php?rest_route=%2Fwp%2Fv2%2Fcomments&post=24"}],"version-history":[{"count":26,"href":"https:\/\/www.nemeckepravo.cz\/index.php?rest_route=\/wp\/v2\/pages\/24\/revisions"}],"predecessor-version":[{"id":263,"href":"https:\/\/www.nemeckepravo.cz\/index.php?rest_route=\/wp\/v2\/pages\/24\/revisions\/263"}],"wp:attachment":[{"href":"https:\/\/www.nemeckepravo.cz\/index.php?rest_route=%2Fwp%2Fv2%2Fmedia&parent=24"}],"curies":[{"name":"wp","href":"https:\/\/api.w.org\/{rel}","templated":true}]}}

<div class="wp-block-columns is-layout-flex wp-container-core-columns-is-layout-9d6595d7 wp-block-columns-is-layout-flex">
<div class="wp-block-column is-layout-flow wp-block-column-is-layout-flow">
<h4 class="wp-block-heading">Kancelář Česko</h4>



<p>Viktora Huga 377/4<br>150 00 Praha 5 &#8211; Smíchov<br>Česká republika<br>Tel. +420 245 008 552<br>Fax: +420 245 008 553<br>E-mail:&nbsp;<a rel="noreferrer noopener" href="mailto:advokati@nemeckepravo.cz" target="_blank">advokati@nemeckepravo.cz</a></p>
</div>



<div class="wp-block-column is-layout-flow wp-block-column-is-layout-flow">
<h4 class="wp-block-heading">Kancelář Německo</h4>



<p>JUDr. Tomáš Mach, advokát<br>Weilberstraße 12 a<br>D- 53639 Königswinter,&nbsp;<br>Spolková republika Německo<br>Tel: + 49 (0)2244-8799630<br>E-mail:&nbsp;<a rel="noreferrer noopener" href="mailto:advokati@nemeckepravo.cz" target="_blank">advokati@nemeckepravo.cz</a></p>
</div>
</div>



<div class="wp-block-columns is-layout-flex wp-container-core-columns-is-layout-9d6595d7 wp-block-columns-is-layout-flex">
<div class="wp-block-column is-layout-flow wp-block-column-is-layout-flow" style="flex-basis:66.66%">
<h2 class="wp-block-heading">&nbsp;</h2>


<div
			
			class="so-widget-sow-google-map so-widget-sow-google-map-default-16727d8ae3dc"
			
		>
<div class="sow-google-map-canvas"
	style=""
	id="map-canvas-9016544c08fb109f1e9d6465d1e4ce88"
	data-options="{&quot;address&quot;:&quot;Weilberstra\u00dfe 12a, D-53639 K\u00f6nigswinter&quot;,&quot;zoom&quot;:6,&quot;mobileZoom&quot;:12,&quot;gestureHandling&quot;:&quot;greedy&quot;,&quot;disableUi&quot;:false,&quot;markerIcon&quot;:false,&quot;markersDraggable&quot;:false,&quot;markerAtCenter&quot;:true,&quot;markerInfoDisplay&quot;:&quot;click&quot;,&quot;markerInfoMultiple&quot;:true,&quot;markerPositions&quot;:[{&quot;place&quot;:&quot;Viktora Huga 377\/4, 150 00 Praha, &quot;,&quot;info&quot;:&quot;&quot;,&quot;infoSelectedEditor&quot;:&quot;tinymce&quot;,&quot;infoMaxWidth&quot;:&quot;&quot;,&quot;customMarkerIcon&quot;:&quot;&quot;,&quot;customMarkerIconSize&quot;:&quot;&quot;},{&quot;place&quot;:&quot;Weilberstra\u00dfe 12a, D-53639 K\u00f6nigswinter&quot;,&quot;info&quot;:&quot;&quot;,&quot;infoSelectedEditor&quot;:&quot;tinymce&quot;,&quot;infoMaxWidth&quot;:&quot;&quot;,&quot;customMarkerIcon&quot;:&quot;&quot;,&quot;customMarkerIconSize&quot;:&quot;&quot;}],&quot;mapName&quot;:false,&quot;mapStyles&quot;:false,&quot;directions&quot;:&quot;&quot;,&quot;apiKey&quot;:&quot;AIzaSyB7y3pEngH9nZccSrzztMe9IwHB4UZWl34&quot;,&quot;breakpoint&quot;:780,&quot;id&quot;:&quot;69f5b9&quot;}"
	data-fallback-image="{&quot;img&quot;:&quot;&quot;}"></div>
</div></div>



<div class="wp-block-column is-layout-flow wp-block-column-is-layout-flow" style="flex-basis:33.33%">
<h2 class="wp-block-heading">Kontaktujte nás!</h2>



<div class="wp-block-contact-form-7-contact-form-selector">
<div class="wpcf7 no-js" id="wpcf7-f114-o1" lang="cs-CZ" dir="ltr" data-wpcf7-id="114">
<div class="screen-reader-response"><p role="status" aria-live="polite" aria-atomic="true"></p> <ul></ul></div>
<form action="/index.php?rest_route=%2Fwp%2Fv2%2Fpages%2F24#wpcf7-f114-o1" method="post" class="wpcf7-form init" aria-label="Kontaktní formulář" novalidate="novalidate" data-status="init">
<fieldset class="hidden-fields-container"><input type="hidden" name="_wpcf7" value="114" /><input type="hidden" name="_wpcf7_version" value="6.1.4" /><input type="hidden" name="_wpcf7_locale" value="cs_CZ" /><input type="hidden" name="_wpcf7_unit_tag" value="wpcf7-f114-o1" /><input type="hidden" name="_wpcf7_container_post" value="0" /><input type="hidden" name="_wpcf7_posted_data_hash" value="" />
</fieldset>
<p><label> Vaše jméno<br />
<span class="wpcf7-form-control-wrap" data-name="your-name"><input size="40" maxlength="400" class="wpcf7-form-control wpcf7-text wpcf7-validates-as-required" aria-required="true" aria-invalid="false" value="" type="text" name="your-name" /></span> </label>
</p>
<p><label> Váš e-mail<br />
<span class="wpcf7-form-control-wrap" data-name="your-email"><input size="40" maxlength="400" class="wpcf7-form-control wpcf7-email wpcf7-validates-as-required wpcf7-text wpcf7-validates-as-email" aria-required="true" aria-invalid="false" value="" type="email" name="your-email" /></span> </label>
</p>
<p><label> Předmět<br />
<span class="wpcf7-form-control-wrap" data-name="your-subject"><input size="40" maxlength="400" class="wpcf7-form-control wpcf7-text wpcf7-validates-as-required" aria-required="true" aria-invalid="false" value="" type="text" name="your-subject" /></span> </label>
</p>
<p><label> Vaše zpráva (volitelný)<br />
<span class="wpcf7-form-control-wrap" data-name="your-message"><textarea cols="40" rows="10" maxlength="2000" class="wpcf7-form-control wpcf7-textarea" aria-invalid="false" name="your-message"></textarea></span> </label>
</p>
<p><input class="wpcf7-form-control wpcf7-submit has-spinner" type="submit" value="Odeslat" />
</p><div class="wpcf7-response-output" aria-hidden="true"></div>
</form>
</div>
</div>
</div>
</div>

<p>Kancelář Česko Viktora Huga 377/4150 00 Praha 5 &#8211; SmíchovČeská republikaTel. +420 245 008 552Fax: +420 245 008 553E-mail:&nbsp;advokati@nemeckepravo.cz Kancelář Německo JUDr. Tomáš Mach, advokátWeilberstraße [&#8230;]</p>
