{"id":8,"date":"2021-11-07T18:49:40","date_gmt":"2021-11-07T17:49:40","guid":{"rendered":"http:\/\/nemeckepravo.cz\/?page_id=8"},"modified":"2021-11-30T17:24:53","modified_gmt":"2021-11-30T16:24:53","slug":"team","status":"publish","type":"page","link":"https:\/\/www.nemeckepravo.cz\/?page_id=8","title":{"rendered":"O n\u00e1s"},"content":{"rendered":"\n<h3 class=\"wp-block-heading\"><strong>JUDr. Tom\u00e1\u0161 Mach, LL.M., Ph.D.<\/strong>, advok\u00e1t<\/h3>\n\n\n\n<div class=\"wp-block-columns is-layout-flex wp-container-core-columns-is-layout-9d6595d7 wp-block-columns-is-layout-flex\">\n<div class=\"wp-block-column is-layout-flow wp-block-column-is-layout-flow\" style=\"flex-basis:20%\">\n<figure class=\"wp-block-image size-full\"><img loading=\"lazy\" decoding=\"async\" width=\"250\" height=\"300\" src=\"http:\/\/nemeckepravo.cz\/wp-content\/uploads\/DSCN1865_n_4-3.jpg\" alt=\"\" class=\"wp-image-100\"\/><\/figure>\n<\/div>\n\n\n\n<div class=\"wp-block-column is-layout-flow wp-block-column-is-layout-flow\">\n<p class=\"has-text-align-left\">Dr. Tom\u00e1\u0161 Mach je advok\u00e1tem, \u010dlenem advok\u00e1tn\u00ed Komory v Kol\u00edn\u011b nad R\u00fdnem (\u010d. registrace  61058)  a \u010cesk\u00e9 advok\u00e1tn\u00ed komory v Praze (\u010d. registrace  13282). V \u010cesk\u00e9 republice byl Ministerstvem spravedlnosti \u010cR jmenov\u00e1n soudn\u00edm znalcem v odv\u011btv\u00ed a oboru pr\u00e1vn\u00ed vztahy k cizin\u011b, specializace n\u011bmeck\u00e9 pr\u00e1vo.  Dr. Mach studoval na univerzit\u00e1ch v \u0158ezn\u011b (Regensburg), Cambridge, Plzni a Praze.  Je t\u00e9\u017e garantem n\u011bkolika p\u0159edm\u011bt\u016f o n\u011bmeck\u00e9m pr\u00e1vu na \u010desk\u00e9 ve\u0159ejn\u00e9 vysok\u00e9 \u0161kole (pr\u00e1vnick\u00e9 fakult\u011b).<\/p>\n\n\n\n<p>Ve spolupr\u00e1ci s m\u00edstn\u00edmi advok\u00e1ty v jednotliv\u00fdch spolkov\u00fdch zem\u00edch SRN, da\u0148ov\u00fdmi poradci a not\u00e1\u0159i tak d\u00edky sv\u00e9 unik\u00e1tn\u00ed p\u0159eshrani\u010dn\u00ed advok\u00e1tn\u00ed praxi se z\u00e1zem\u00edm st\u0159edn\u011b velk\u00e9 advok\u00e1tn\u00ed kancel\u00e1\u0159e s hlavn\u00edm s\u00eddlem v Praze poskytuje Dr. Mach komplexn\u00ed pr\u00e1vn\u00ed slu\u017eby v oblasti n\u011bmeck\u00e9ho pr\u00e1va jak \u010desk\u00fdm klient\u016fm hledaj\u00edc\u00edm pr\u00e1vn\u00ed pomoc v N\u011bmecku, tak sv\u00fdm \u010desk\u00fdm a slovensk\u00fdm koleg\u016fm pro jejich klienty v p\u0159\u00edpadech, kdy je nutno aplikovat n\u011bmeck\u00e9 pr\u00e1vo \u010di zastoupit p\u0159ed n\u011bmeck\u00fdmi soudy \u010di jin\u00fdmi org\u00e1ny.<br><br>V oblasti soudn\u00edho znalectv\u00ed poskytuje Dr. Mach slu\u017eby soudn\u00edho znalce v oblasti n\u011bmeck\u00e9ho pr\u00e1va jako ciz\u00edho rozhodn\u00e9ho pr\u00e1va pro \u00fa\u010dely zejm\u00e9na soudn\u00edch \u0159\u00edzen\u00ed p\u0159ed \u010desk\u00fdmi soudy, a to pr\u00e1v\u011b  v odv\u011btv\u00ed a oboru pr\u00e1vn\u00ed vztahy k cizin\u011b, specializace n\u011bmeck\u00e9 pr\u00e1vo.<\/p>\n<\/div>\n<\/div>\n\n\n\n<p><\/p>\n","protected":false},"excerpt":{"rendered":"<p>JUDr. Tom\u00e1\u0161 Mach, LL.M., Ph.D., advok\u00e1t Dr. Tom\u00e1\u0161 Mach je advok\u00e1tem, \u010dlenem advok\u00e1tn\u00ed Komory v Kol\u00edn\u011b nad R\u00fdnem (\u010d. registrace 61058) a \u010cesk\u00e9 advok\u00e1tn\u00ed komory [&#8230;]<\/p>\n","protected":false},"author":1,"featured_media":0,"parent":0,"menu_order":0,"comment_status":"closed","ping_status":"closed","template":"templates\/template-fullwidth.php","meta":{"footnotes":""},"class_list":["post-8","page","type-page","status-publish","hentry"],"_links":{"self":[{"href":"https:\/\/www.nemeckepravo.cz\/index.php?rest_route=\/wp\/v2\/pages\/8","targetHints":{"allow":["GET"]}}],"collection":[{"href":"https:\/\/www.nemeckepravo.cz\/index.php?rest_route=\/wp\/v2\/pages"}],"about":[{"href":"https:\/\/www.nemeckepravo.cz\/index.php?rest_route=\/wp\/v2\/types\/page"}],"author":[{"embeddable":true,"href":"https:\/\/www.nemeckepravo.cz\/index.php?rest_route=\/wp\/v2\/users\/1"}],"replies":[{"embeddable":true,"href":"https:\/\/www.nemeckepravo.cz\/index.php?rest_route=%2Fwp%2Fv2%2Fcomments&post=8"}],"version-history":[{"count":12,"href":"https:\/\/www.nemeckepravo.cz\/index.php?rest_route=\/wp\/v2\/pages\/8\/revisions"}],"predecessor-version":[{"id":260,"href":"https:\/\/www.nemeckepravo.cz\/index.php?rest_route=\/wp\/v2\/pages\/8\/revisions\/260"}],"wp:attachment":[{"href":"https:\/\/www.nemeckepravo.cz\/index.php?rest_route=%2Fwp%2Fv2%2Fmedia&parent=8"}],"curies":[{"name":"wp","href":"https:\/\/api.w.org\/{rel}","templated":true}]}}

O nás

<h3 class="wp-block-heading"><strong>JUDr. Tomáš Mach, LL.M., Ph.D.</strong>, advokát</h3>



<div class="wp-block-columns is-layout-flex wp-container-core-columns-is-layout-9d6595d7 wp-block-columns-is-layout-flex">
<div class="wp-block-column is-layout-flow wp-block-column-is-layout-flow" style="flex-basis:20%">
<figure class="wp-block-image size-full"><img loading="lazy" decoding="async" width="250" height="300" src="http://nemeckepravo.cz/wp-content/uploads/DSCN1865_n_4-3.jpg" alt="" class="wp-image-100"/></figure>
</div>



<div class="wp-block-column is-layout-flow wp-block-column-is-layout-flow">
<p class="has-text-align-left">Dr. Tomáš Mach je advokátem, členem advokátní Komory v Kolíně nad Rýnem (č. registrace  61058)  a České advokátní komory v Praze (č. registrace  13282). V České republice byl Ministerstvem spravedlnosti ČR jmenován soudním znalcem v odvětví a oboru právní vztahy k cizině, specializace německé právo.  Dr. Mach studoval na univerzitách v Řezně (Regensburg), Cambridge, Plzni a Praze.  Je též garantem několika předmětů o německém právu na české veřejné vysoké škole (právnické fakultě).</p>



<p>Ve spolupráci s místními advokáty v jednotlivých spolkových zemích SRN, daňovými poradci a notáři tak díky své unikátní přeshraniční advokátní praxi se zázemím středně velké advokátní kanceláře s hlavním sídlem v Praze poskytuje Dr. Mach komplexní právní služby v oblasti německého práva jak českým klientům hledajícím právní pomoc v Německu, tak svým českým a slovenským kolegům pro jejich klienty v případech, kdy je nutno aplikovat německé právo či zastoupit před německými soudy či jinými orgány.<br><br>V oblasti soudního znalectví poskytuje Dr. Mach služby soudního znalce v oblasti německého práva jako cizího rozhodného práva pro účely zejména soudních řízení před českými soudy, a to právě  v odvětví a oboru právní vztahy k cizině, specializace německé právo.</p>
</div>
</div>



<p></p>

<p>JUDr. Tomáš Mach, LL.M., Ph.D., advokát Dr. Tomáš Mach je advokátem, členem advokátní Komory v Kolíně nad Rýnem (č. registrace 61058) a České advokátní komory [&#8230;]</p>
